e factors of ((-86478)/4)/21*-2*2?
2, 29, 71
Let n(k) = 163*k + 493. List the prime factors of n(11).
2, 3, 127
Let a(q) = 8*q**3 + 11*q**2 - 140*q + 27. List the prime factors of a(12).
3, 5, 7, 131
Let z(w) = 5*w**2 + 15*w + 38. Let m(g) = -4*g**2 - 14*g - 36. Let y(a) = -4*m(a) - 3*z(a). List the prime factors of y(-13).
2, 7
Suppose -4*j = 5*v - 140, 10*v = 4*j + 6*v - 104. What are the prime factors of (-29652)/(-126) - 5/(j/(-4))?
2, 59
Let u(p) = 21750*p + 209. List the prime factors of u(1).
7, 3137
Let v(r) = 142*r - 3 - 187*r + 5. Let s be (-14)/(-35) + 0 + (-64)/10. List the prime factors of v(s).
2, 17
Suppose 0 = -110*a + 45*a + 1917175. What are the prime factors of a?
5, 17, 347
List the prime factors of (-10227945)/(-315) + 2/6.
2, 5, 17, 191
Let h(i) = 17*i - i**3 - 19 - 11*i**2 - 2*i**2 - 4 + 3*i**2 - 13. What are the prime factors of h(-16)?
2, 307
Suppose -5833269 + 190355 = 65*v - 238*v. What are the prime factors of v?
2, 47, 347
Let r(j) = -2*j**3 + 74*j**2 + 90*j + 100. What are the prime factors of r(29)?
2, 59, 137
Let r be (-3 - 57/(-21)) + 2/7. Suppose 0 = y - d - 430, -3*d = -r*y + 2*y - 845. What are the prime factors of y?
7, 61
Let x = 610 + 1172. Suppose -5*j = x - 6242. List the prime factors of j.
2, 223
Let a = 20158 + -2663. What are the prime factors of a?
5, 3499
Let n = 821 + 5813. List the prime factors of n.
2, 31, 107
Suppose 19*o = 53301 + 131170. List the prime factors of o.
7, 19, 73
Let k = -5397 - -6457. List the prime factors of k.
2, 5, 53
Suppose 4*y - 1 = 2*v + y, -4*v = 5*y - 31. Suppose 3*u + 190 = s + v*u, s - 184 = -4*u. List the prime factors of s.
2, 3
Let h(o) = o**3 - 15*o**2 + 15*o - 14. Let a be h(14). Suppose 4*k + a*x = -3*x - 75, 3*x + 3 = 0. What are the prime factors of (2 + 2 + -13)*240/k?
2, 3, 5
Suppose -15*l + 17*l = -c + 15595, l - 7802 = -2*c. What are the prime factors of l?
2, 1949
Let t be (36/(-14))/(8/(17248/(-21))). Let m be 2 + (-1)/(-1) - (-14 - t). Let j = m + -161. What are the prime factors of j?
2, 3, 5
Let z = -241 + 224. What are the prime factors of (-1)/z*3538 - 26/221?
2, 13
Suppose -2*w + 2*l = 0, -3*w + 6 = 3*l - 12. Suppose -25 = 5*f, w*f - f = 5*a - 25. Suppose -a*n + 180 = 3. List the prime factors of n.
59
List the prime factors of 6/(-60) + 1949934/140.
2, 1741
Let c = 1650 + 346. List the prime factors of c.
2, 499
Let z(k) = -17*k + 7. Let h be z(-1). List the prime factors of 2/(((-1)/(-1959))/(4/h)).
653
Let l(z) = -z**2 - 9*z + 469. Let f be (-4)/9 + (-52)/(-117). What are the prime factors of l(f)?
7, 67
Let u(z) = -z**2 - 37*z - 2. Suppose 0 = 79*l - 78*l + 19. What are the prime factors of u(l)?
2, 5, 17
Let c(w) = 4*w**2 + 144*w - 83. Let p be c(-34). Let g = p - -1308. List the prime factors of g.
953
Let b(r) = -r**2 - 9*r - 20. Let a be b(-7). What are the prime factors of ((-135)/(-18))/(a/232)*-2?
2, 5, 29
What are the prime factors of (-2252)/((4/21)/(-2))?
2, 3, 7, 563
Suppose 5*f - 2*f = 6. Suppose 2*r - 3*q = 49, 4*r + 5*q + 46 - 155 = 0. Suppose 154 = f*h - r. List the prime factors of h.
2, 3, 5
Let h = 88 + -67. Suppose 6*i - 15 + h = 0. What are the prime factors of 13/(-39)*i/((-1)/(-309))?
103
Let z(x) = 6*x**2 + 4*x - 2. Let n be z(4). Suppose -1570 = -5*g - 5*b, -4*b = 3*g - 1050 + n. List the prime factors of g.
2, 79
Let o(k) = -k**2 + 15*k + 16. Suppose 2*w - 2*z = 24, -2*w + 60 = w + 5*z. Let i be o(w). What are the prime factors of 1293/12 - (-4)/i - 1?
107
Suppose 252*s - 542*s = -263*s - 1538946. List the prime factors of s.
2, 28499
Let w = -633 + 915. What are the prime factors of (w/(-3))/((-28)/406)?
29, 47
Let z(s) = -4*s**2 - 9 + 5*s**2 - 46 - 4*s. List the prime factors of z(-14).
197
List the prime factors of 1/9 + 9557639/819.
2, 3, 5, 389
Let h(k) = 439*k**2 + 34*k + 7. List the prime factors of h(3).
2, 5, 7, 29
Let a = 8153 + -7151. List the prime factors of a.
2, 3, 167
Suppose -5*p + 366 - 346 = 0. Suppose 435 = p*q - 113. List the prime factors of q.
137
Let o = -7930 + 13367. What are the prime factors of o?
5437
Let x = 59 - 54. Suppose -5*q + 2*u - 10 = 0, -5*q + x*u - 25 = -3*q. Suppose q = -8*s + 28 + 900. List the prime factors of s.
2, 29
Suppose -g - 3*w + 6*w + 2 = 0, -5*g - 2*w = -10. Let t(h) = 68*h - 2. Let a be t(g). Suppose 5*b = 2*x - 0*b - a, 3*x + 3*b = 243. List the prime factors of x.
7, 11
Suppose v = 268 + 564. What are the prime factors of v?
2, 13
Let s = 30 - -1029. List the prime factors of ((-5)/(5/s))/((-39)/26).
2, 353
Let s(k) = 21*k - 2. Let l be s(-6). Suppose 15*d - 278 = 5*d + m, m + 110 = 4*d. Let n = d - l. What are the prime factors of n?
2, 3, 13
Let r(u) = -49*u - 16. Let i be r(-3). Suppose 5*n + 99 = 4*y - i, 5*y = n + 277. What are the prime factors of y?
5, 11
Suppose 16*p = 22*p - 3282. Suppose -5*h + 1522 - p = 0. Let w = h + -63. List the prime factors of w.
2, 3, 11
Suppose 0 = -1349*p + 1354*p - 2*f - 15956, 4*p = 4*f + 12784. List the prime factors of p.
2, 797
Let h(v) = -v**2 + 16*v + 89. Let m be (-1)/(6/16*(-2)/15). List the prime factors of h(m).
3
Let j = -223 + 365. Let p be (j/(-3))/(5/((-105)/14)). Let b = -42 + p. What are the prime factors of b?
29
Let j be (3 + 1)*2/(56/(-49)). Let o be 184/(-56) + (-2)/j. List the prime factors of 5/((12/(-112))/o).
2, 5, 7
Let s = 703 + 7922. What are the prime factors of s?
3, 5, 23
Let w = 88 - 89. Let x(p) = -68*p**3 - p**2 - 4*p - 2. What are the prime factors of x(w)?
3, 23
Let m be (-6)/27 + (-25168)/(-18). Suppose -6*j = 228 - m. What are the prime factors of 3 + (-11)/4 - j/(-4)?
7
What are the prime factors of (-2)/((-4)/(-10))*(26 - (-25 - -7092))?
3, 5, 2347
Let i = 182 + -194. Let o(u) = u**3 + 16*u**2 + 5*u - 28. What are the prime factors of o(i)?
2, 61
Let n(c) = 1330*c + 40. Let p be n(5). List the prime factors of 18/(-198) - -2*p/44.
2, 19
Suppose 0 = -14*c + 46*c - 288. Suppose 0 = 6*p - c*p + 594. List the prime factors of p.
2, 3, 11
Let p = 76 - 71. Suppose -p*n + 1360 = 3*l, -4*n = 2*l - 198 - 708. What are the prime factors of l?
5, 7, 13
Suppose -a - 4*a - g = 838, -a - 5*g - 182 = 0. Let c = a + 299. List the prime factors of c.
2, 3, 11
List the prime factors of -32 - -26 - -666*13.
2, 3, 7, 103
Suppose -o + 4*d = -40, 5*d - 149 = -3*o - 29. Suppose -o*s + 50 = -39*s. List the prime factors of s.
2, 5
Suppose x = -5*u - 19, 3*x + 0*u = -3*u + 3. Suppose 20 = x*g - g. Suppose -g*d + 0 = -460. What are the prime factors of d?
5, 23
Let x be (-4)/10 + 36/15. Let w(y) = 167*y + 2. What are the prime factors of w(x)?
2, 3, 7
Suppose 20*t = 19*t + 527. Suppose -4*p + 16 = 0, -3*p = 2*k - t - 989. What are the prime factors of k?
2, 47
Let d(s) = 4*s - 23. Let h be d(7). Suppose 0*k = 3*k - 4*l - 32, -h*k = 4*l. List the prime factors of (-2)/k*(-1 - 111).
2, 7
What are the prime factors of (-39296)/(-3) - (-294)/126?
3, 11, 397
Suppose 3*r + 5*k = -r + 16, -3*r - 3*k = -12. Suppose -86 = 5*b + 3*z, -3*b - r*z - 50 = -3*z. Let y = 27 + b. What are the prime factors of y?
11
Suppose -2940925 - 8848590 = -485*j + 13341245. List the prime factors of j.
2, 3, 17, 127
Suppose -16*p + 11*p + 1247 = 4*w, 5*w - 1528 = 4*p. What are the prime factors of 3 + -2 + w/2?
5, 31
Suppose 5*h + 10 = -4*f, -2*h + 4 + 5 = -f. Let k = 2 + h. Suppose k*i - 7*i = -279. What are the prime factors of i?
3, 31
Suppose -33 - 45 = -13*x. What are the prime factors of x - (-88)/(-14) - (-8544)/14?
2, 5, 61
Suppose -7*k + 119*k + 76533 = 264469. List the prime factors of k.
2, 839
Let j be 17/(-3) + (-13)/(-117)*-3. List the prime factors of ((-3)/j)/((-2142)/536 + 4).
2, 67
Suppose 8*g = 33*g - 100. Suppose -y + 288 = -0*q + 3*q, -g*y = 2*q - 1112. List the prime factors of y.
2, 3, 23
Suppose 3*t + t - 20 = 0. Let o(l) be the third derivative of 17*l**4/12 + 13*l**3/6 - 583*l**2. List the prime factors of o(t).
3, 61
Suppose -635*h = -625*h - 74430. What are the prime factors of h?
3, 827
Suppose 3*f + 4 = -8. Let l be 679/63 + f*3/(-54). Suppose 0 = 3*q + g - 11, 4*g - 5 - l = 2*q. List the prime factors of q.
2
Let y = -54 + 54. Suppose y = 14*b - 3790 - 690. What are the prime factors of b?
2, 5
Let m be -13*(2 - 4/(1 + 3)). Let a(x) = x**3 + 17*x**2 + 42*x + 35. What are the prime factors of a(m)?
3, 5, 1